{"id":6297,"date":"2025-01-16T14:31:33","date_gmt":"2025-01-16T13:31:33","guid":{"rendered":"https:\/\/fis.cl\/?page_id=6297"},"modified":"2025-01-17T15:45:44","modified_gmt":"2025-01-17T14:45:44","slug":"avisos-de-danos","status":"publish","type":"page","link":"https:\/\/fis.cl\/index.php\/avisos-de-danos\/","title":{"rendered":"Avisos de da\u00f1os"},"content":{"rendered":"\t\t<div data-elementor-type=\"wp-page\" data-elementor-id=\"6297\" class=\"elementor elementor-6297\">\n\t\t\t\t<div class=\"elementor-element elementor-element-eff1c41 elementor-hidden-mobile e-flex e-con-boxed e-con e-parent\" data-id=\"eff1c41\" data-element_type=\"container\">\n\t\t\t\t\t<div class=\"e-con-inner\">\n\t\t<div class=\"elementor-element elementor-element-35dc6d8 e-con-full elementor-card e-flex e-con e-child\" data-id=\"35dc6d8\" data-element_type=\"container\" data-settings=\"{&quot;background_background&quot;:&quot;classic&quot;}\">\n\t\t\t\t<div class=\"elementor-element elementor-element-8bfd835 elementor-invisible elementor-widget elementor-widget-heading\" data-id=\"8bfd835\" data-element_type=\"widget\" data-settings=\"{&quot;_animation&quot;:&quot;fadeInUp&quot;}\" data-widget_type=\"heading.default\">\n\t\t\t\t<div class=\"elementor-widget-container\">\n\t\t\t\t\t<h2 class=\"elementor-heading-title elementor-size-default\"><a href=\"https:\/\/fis.cl\/index.php\/aviso-de-dano-maritimo\/\">AVISO DE DA\u00d1O MAR\u00cdTIMO<\/a><\/h2>\t\t\t\t<\/div>\n\t\t\t\t<\/div>\n\t\t\t\t<\/div>\n\t\t<div class=\"elementor-element elementor-element-e6b16e7 e-con-full elementor-card e-flex e-con e-child\" data-id=\"e6b16e7\" data-element_type=\"container\" data-settings=\"{&quot;background_background&quot;:&quot;classic&quot;}\">\n\t\t\t\t<div class=\"elementor-element elementor-element-12949f1 elementor-invisible elementor-widget elementor-widget-heading\" data-id=\"12949f1\" data-element_type=\"widget\" data-settings=\"{&quot;_animation&quot;:&quot;fadeInUp&quot;}\" data-widget_type=\"heading.default\">\n\t\t\t\t<div class=\"elementor-widget-container\">\n\t\t\t\t\t<h2 class=\"elementor-heading-title elementor-size-default\"><a href=\"https:\/\/fis.cl\/index.php\/aviso-de-dano-aereo\/\">Aviso de da\u00f1o A\u00e9reo<\/a><\/h2>\t\t\t\t<\/div>\n\t\t\t\t<\/div>\n\t\t\t\t<\/div>\n\t\t<div class=\"elementor-element elementor-element-69d094a e-con-full elementor-card e-flex e-con e-child\" data-id=\"69d094a\" data-element_type=\"container\" data-settings=\"{&quot;background_background&quot;:&quot;classic&quot;}\">\n\t\t\t\t<div class=\"elementor-element elementor-element-46ea4a9 elementor-invisible elementor-widget elementor-widget-heading\" data-id=\"46ea4a9\" data-element_type=\"widget\" data-settings=\"{&quot;_animation&quot;:&quot;fadeInUp&quot;}\" data-widget_type=\"heading.default\">\n\t\t\t\t<div class=\"elementor-widget-container\">\n\t\t\t\t\t<h2 class=\"elementor-heading-title elementor-size-default\"><a href=\"https:\/\/fis.cl\/index.php\/aviso-de-dano-terrestre\/\">Aviso de da\u00f1o Terrestre<\/a><\/h2>\t\t\t\t<\/div>\n\t\t\t\t<\/div>\n\t\t\t\t<\/div>\n\t\t\t\t\t<\/div>\n\t\t\t\t<\/div>\n\t\t<div class=\"elementor-element elementor-element-e6f92c7 elementor-hidden-desktop e-flex e-con-boxed e-con e-parent\" data-id=\"e6f92c7\" data-element_type=\"container\">\n\t\t\t\t\t<div class=\"e-con-inner\">\n\t\t<div class=\"elementor-element elementor-element-961400d e-con-full elementor-card e-flex e-con e-child\" data-id=\"961400d\" data-element_type=\"container\" data-settings=\"{&quot;background_background&quot;:&quot;classic&quot;}\">\n\t\t\t\t<div class=\"elementor-element elementor-element-a485d9a elementor-invisible elementor-widget elementor-widget-heading\" data-id=\"a485d9a\" data-element_type=\"widget\" data-settings=\"{&quot;_animation&quot;:&quot;fadeInUp&quot;}\" data-widget_type=\"heading.default\">\n\t\t\t\t<div class=\"elementor-widget-container\">\n\t\t\t\t\t<h2 class=\"elementor-heading-title elementor-size-default\"><a href=\"https:\/\/fis.cl\/index.php\/aviso-de-dano-maritimo\/\">AVISO DE DA\u00d1O MAR\u00cdTIMO<\/a><\/h2>\t\t\t\t<\/div>\n\t\t\t\t<\/div>\n\t\t\t\t<\/div>\n\t\t<div class=\"elementor-element elementor-element-840b8f6 e-con-full elementor-card e-flex e-con e-child\" data-id=\"840b8f6\" data-element_type=\"container\" data-settings=\"{&quot;background_background&quot;:&quot;classic&quot;}\">\n\t\t\t\t<div class=\"elementor-element elementor-element-ea625d9 elementor-invisible elementor-widget elementor-widget-heading\" data-id=\"ea625d9\" data-element_type=\"widget\" data-settings=\"{&quot;_animation&quot;:&quot;fadeInUp&quot;}\" data-widget_type=\"heading.default\">\n\t\t\t\t<div class=\"elementor-widget-container\">\n\t\t\t\t\t<h2 class=\"elementor-heading-title elementor-size-default\"><a href=\"https:\/\/fis.cl\/index.php\/aviso-de-dano-aereo\/\">Aviso de da\u00f1o A\u00e9reo<\/a><\/h2>\t\t\t\t<\/div>\n\t\t\t\t<\/div>\n\t\t\t\t<\/div>\n\t\t<div class=\"elementor-element elementor-element-bd5607a e-con-full elementor-card e-flex e-con e-child\" data-id=\"bd5607a\" data-element_type=\"container\" data-settings=\"{&quot;background_background&quot;:&quot;classic&quot;}\">\n\t\t\t\t<div class=\"elementor-element elementor-element-841229a elementor-invisible elementor-widget elementor-widget-heading\" data-id=\"841229a\" data-element_type=\"widget\" data-settings=\"{&quot;_animation&quot;:&quot;fadeInUp&quot;}\" data-widget_type=\"heading.default\">\n\t\t\t\t<div class=\"elementor-widget-container\">\n\t\t\t\t\t<h2 class=\"elementor-heading-title elementor-size-default\"><a href=\"https:\/\/fis.cl\/index.php\/aviso-de-dano-terrestre\/\">Aviso de da\u00f1o Terrestre<\/a><\/h2>\t\t\t\t<\/div>\n\t\t\t\t<\/div>\n\t\t\t\t<\/div>\n\t\t\t\t\t<\/div>\n\t\t\t\t<\/div>\n\t\t<div class=\"elementor-element elementor-element-db15915 e-flex e-con-boxed e-con e-parent\" data-id=\"db15915\" data-element_type=\"container\">\n\t\t\t\t\t<div class=\"e-con-inner\">\n\t\t\t\t<div class=\"elementor-element elementor-element-dd4ddbe elementor-invisible elementor-widget elementor-widget-heading\" data-id=\"dd4ddbe\" data-element_type=\"widget\" data-settings=\"{&quot;_animation&quot;:&quot;fadeInUp&quot;}\" data-widget_type=\"heading.default\">\n\t\t\t\t<div class=\"elementor-widget-container\">\n\t\t\t\t\t<h2 class=\"elementor-heading-title elementor-size-default\">Si bien los plazos y efectos de avisos var\u00edan seg\u00fan norma y legislaci\u00f3n aplicable, se recomienda enviar el aviso lo antes posible o a m\u00e1s tardar dentro de las 24 horas en que se tenga noci\u00f3n efectiva del da\u00f1o a las mercanc\u00edas.<\/h2>\t\t\t\t<\/div>\n\t\t\t\t<\/div>\n\t\t\t\t\t<\/div>\n\t\t\t\t<\/div>\n\t\t\t\t<\/div>\n\t\t","protected":false},"excerpt":{"rendered":"<p>AVISO DE DA\u00d1O MAR\u00cdTIMO Aviso de da\u00f1o A\u00e9reo Aviso de da\u00f1o Terrestre AVISO DE DA\u00d1O MAR\u00cdTIMO Aviso de da\u00f1o A\u00e9reo Aviso de da\u00f1o Terrestre Si bien los plazos y efectos de avisos var\u00edan seg\u00fan norma y legislaci\u00f3n aplicable, se recomienda enviar el aviso lo antes posible o a m\u00e1s tardar dentro de las 24 horas [&hellip;]<\/p>\n","protected":false},"author":3,"featured_media":0,"parent":0,"menu_order":0,"comment_status":"closed","ping_status":"closed","template":"","meta":{"footnotes":""},"class_list":["post-6297","page","type-page","status-publish","hentry"],"_links":{"self":[{"href":"https:\/\/fis.cl\/index.php\/wp-json\/wp\/v2\/pages\/6297","targetHints":{"allow":["GET"]}}],"collection":[{"href":"https:\/\/fis.cl\/index.php\/wp-json\/wp\/v2\/pages"}],"about":[{"href":"https:\/\/fis.cl\/index.php\/wp-json\/wp\/v2\/types\/page"}],"author":[{"embeddable":true,"href":"https:\/\/fis.cl\/index.php\/wp-json\/wp\/v2\/users\/3"}],"replies":[{"embeddable":true,"href":"https:\/\/fis.cl\/index.php\/wp-json\/wp\/v2\/comments?post=6297"}],"version-history":[{"count":76,"href":"https:\/\/fis.cl\/index.php\/wp-json\/wp\/v2\/pages\/6297\/revisions"}],"predecessor-version":[{"id":6414,"href":"https:\/\/fis.cl\/index.php\/wp-json\/wp\/v2\/pages\/6297\/revisions\/6414"}],"wp:attachment":[{"href":"https:\/\/fis.cl\/index.php\/wp-json\/wp\/v2\/media?parent=6297"}],"curies":[{"name":"wp","href":"https:\/\/api.w.org\/{rel}","templated":true}]}}